{"id":527,"date":"2022-06-06T09:14:51","date_gmt":"2022-06-06T07:14:51","guid":{"rendered":"https:\/\/aumia.fr\/site\/?page_id=527"},"modified":"2024-07-03T16:09:19","modified_gmt":"2024-07-03T14:09:19","slug":"programme","status":"publish","type":"page","link":"https:\/\/aumia.fr\/site\/programme\/","title":{"rendered":"Programme"},"content":{"rendered":"<p>[et_pb_section fb_built=\u00a0\u00bb1&Prime; _builder_version=\u00a0\u00bb4.17.3&Prime; _module_preset=\u00a0\u00bbdefault\u00a0\u00bb background_color=\u00a0\u00bb#26326a\u00a0\u00bb background_image=\u00a0\u00bbhttp:\/\/aumia.fr\/site\/wp-content\/uploads\/2022\/06\/arz-1.png\u00a0\u00bb background_size=\u00a0\u00bbcontain\u00a0\u00bb background_position=\u00a0\u00bbcenter_left\u00a0\u00bb custom_padding=\u00a0\u00bb26px||15px|||\u00a0\u00bb da_disable_devices=\u00a0\u00bboff|off|off\u00a0\u00bb global_colors_info=\u00a0\u00bb{}\u00a0\u00bb da_is_popup=\u00a0\u00bboff\u00a0\u00bb da_exit_intent=\u00a0\u00bboff\u00a0\u00bb da_has_close=\u00a0\u00bbon\u00a0\u00bb da_alt_close=\u00a0\u00bboff\u00a0\u00bb da_dark_close=\u00a0\u00bboff\u00a0\u00bb da_not_modal=\u00a0\u00bbon\u00a0\u00bb da_is_singular=\u00a0\u00bboff\u00a0\u00bb da_with_loader=\u00a0\u00bboff\u00a0\u00bb da_has_shadow=\u00a0\u00bbon\u00a0\u00bb][et_pb_row _builder_version=\u00a0\u00bb4.17.4&Prime; _module_preset=\u00a0\u00bbdefault\u00a0\u00bb width=\u00a0\u00bb70%\u00a0\u00bb global_colors_info=\u00a0\u00bb{}\u00a0\u00bb][et_pb_column type=\u00a0\u00bb4_4&Prime; _builder_version=\u00a0\u00bb4.17.3&Prime; _module_preset=\u00a0\u00bbdefault\u00a0\u00bb global_colors_info=\u00a0\u00bb{}\u00a0\u00bb][et_pb_text _builder_version=\u00a0\u00bb4.17.3&Prime; _module_preset=\u00a0\u00bbdefault\u00a0\u00bb text_text_color=\u00a0\u00bb#FFFFFF\u00a0\u00bb header_text_color=\u00a0\u00bb#FFFFFF\u00a0\u00bb header_font_size=\u00a0\u00bb35px\u00a0\u00bb global_colors_info=\u00a0\u00bb{}\u00a0\u00bb]<\/p>\n<h1>Animations, \u00e9v\u00e9nements, r\u00e9unions&#8230;\u00a0<\/h1>\n<p>Ne manquez aucun rendez-vous !<\/p>\n<p>[\/et_pb_text][\/et_pb_column][\/et_pb_row][\/et_pb_section][et_pb_section fb_built=\u00a0\u00bb1&Prime; _builder_version=\u00a0\u00bb4.17.3&Prime; _module_preset=\u00a0\u00bbdefault\u00a0\u00bb background_color=\u00a0\u00bbrgba(136,182,253,0.15)\u00a0\u00bb background_image=\u00a0\u00bbhttp:\/\/aumia.fr\/site\/wp-content\/uploads\/2022\/06\/ile300-2.png\u00a0\u00bb background_size=\u00a0\u00bbcontain\u00a0\u00bb background_position=\u00a0\u00bbcenter_left\u00a0\u00bb custom_padding=\u00a0\u00bb||25px|||\u00a0\u00bb da_disable_devices=\u00a0\u00bboff|off|off\u00a0\u00bb global_colors_info=\u00a0\u00bb{}\u00a0\u00bb da_is_popup=\u00a0\u00bboff\u00a0\u00bb da_exit_intent=\u00a0\u00bboff\u00a0\u00bb da_has_close=\u00a0\u00bbon\u00a0\u00bb da_alt_close=\u00a0\u00bboff\u00a0\u00bb da_dark_close=\u00a0\u00bboff\u00a0\u00bb da_not_modal=\u00a0\u00bbon\u00a0\u00bb da_is_singular=\u00a0\u00bboff\u00a0\u00bb da_with_loader=\u00a0\u00bboff\u00a0\u00bb da_has_shadow=\u00a0\u00bbon\u00a0\u00bb][et_pb_row column_structure=\u00a0\u00bb3_5,2_5&Prime; _builder_version=\u00a0\u00bb4.17.3&Prime; _module_preset=\u00a0\u00bbdefault\u00a0\u00bb custom_padding=\u00a0\u00bb||10px|||\u00a0\u00bb global_colors_info=\u00a0\u00bb{}\u00a0\u00bb][et_pb_column type=\u00a0\u00bb3_5&Prime; _builder_version=\u00a0\u00bb4.17.3&Prime; _module_preset=\u00a0\u00bbdefault\u00a0\u00bb global_colors_info=\u00a0\u00bb{}\u00a0\u00bb][et_pb_text _builder_version=\u00a0\u00bb4.24.0&Prime; _module_preset=\u00a0\u00bbdefault\u00a0\u00bb background_color=\u00a0\u00bb#efe52a\u00a0\u00bb custom_padding=\u00a0\u00bb10px|||10px|false|false\u00a0\u00bb global_colors_info=\u00a0\u00bb{}\u00a0\u00bb]<\/p>\n<h1><strong>le PROGRAMME 2024<\/strong><\/h1>\n<p>[\/et_pb_text][et_pb_text quote_border_weight=\u00a0\u00bb20px\u00a0\u00bb _builder_version=\u00a0\u00bb4.24.0&Prime; _module_preset=\u00a0\u00bbdefault\u00a0\u00bb custom_margin=\u00a0\u00bb||14px|||\u00a0\u00bb global_colors_info=\u00a0\u00bb{}\u00a0\u00bb]<\/p>\n<blockquote>\n<h5>CONF\u00c9RENCES ET R\u00c9UNIONS<\/h5>\n<\/blockquote>\n<p><strong><span style=\"color: #003366;\">\u2022 13 ao\u00fbt :<\/span><\/strong> AG de l\u2019AUMIA<br \/><strong><span style=\"color: #003366;\">\u2022 Date \u00e0 pr\u00e9ciser :<\/span> <\/strong>Conf\u00e9rence au CIPM <span>\u00ab\u00a0<\/span><mark class=\"marked\">Tara<\/mark><span>, un voilier polaire, 30 ans d&rsquo;exp\u00e9ditions\u00a0\u00bb<\/span><\/p>\n<p>[\/et_pb_text][et_pb_divider _builder_version=\u00a0\u00bb4.17.3&Prime; _module_preset=\u00a0\u00bbdefault\u00a0\u00bb custom_margin=\u00a0\u00bb||16px|||\u00a0\u00bb global_colors_info=\u00a0\u00bb{}\u00a0\u00bb][\/et_pb_divider][et_pb_text quote_border_weight=\u00a0\u00bb20px\u00a0\u00bb _builder_version=\u00a0\u00bb4.24.0&Prime; _module_preset=\u00a0\u00bbdefault\u00a0\u00bb custom_margin=\u00a0\u00bb-18px||11px|||\u00a0\u00bb global_colors_info=\u00a0\u00bb{}\u00a0\u00bb]<\/p>\n<blockquote>\n<h5>\u00a0FORMATIONS<\/h5>\n<\/blockquote>\n<p><span style=\"color: #003366;\"><strong>\u2022 Ao\u00fbt : <\/strong>Atel<\/span>ier matelotage (date \u00e0 pr\u00e9ciser)<br \/><strong><span style=\"color: #003366;\">\u2022 22-23 juillet :<\/span> <\/strong>Formation permis c\u00f4tier (avec Enez Kapad)<br \/><strong><span style=\"color: #003366;\">\u2022 5-6 ao\u00fbt :<\/span><\/strong> Formation permis c\u00f4tier (avec Enez Kapad)<br \/><strong><span style=\"color: #003366;\">\u2022 9 ao\u00fbt :<\/span><\/strong> Formation s\u00e9curit\u00e9 avec la SNSM<\/p>\n<p>[\/et_pb_text][et_pb_divider _builder_version=\u00a0\u00bb4.17.3&Prime; _module_preset=\u00a0\u00bbdefault\u00a0\u00bb custom_margin=\u00a0\u00bb||16px|||\u00a0\u00bb global_colors_info=\u00a0\u00bb{}\u00a0\u00bb][\/et_pb_divider][et_pb_text quote_border_weight=\u00a0\u00bb20px\u00a0\u00bb _builder_version=\u00a0\u00bb4.24.0&Prime; _module_preset=\u00a0\u00bbdefault\u00a0\u00bb hover_enabled=\u00a0\u00bb0&Prime; global_colors_info=\u00a0\u00bb{}\u00a0\u00bb sticky_enabled=\u00a0\u00bb0&Prime;]<\/p>\n<blockquote>\n<h5>SORTIES ET ANIMATIONS<\/h5>\n<\/blockquote>\n<ul>\n<li><strong><span style=\"color: #003366;\">26 Mai :<\/span><\/strong> Participation de la chaloupe \u00e0 la f\u00eate des Voiles Rouges \u00e0 S\u00e9n\u00e9<br \/><strong><span style=\"color: #003366;\"><\/span><\/strong><\/li>\n<li><strong><span style=\"color: #003366;\">20 &#8211; 21 Juillet : <\/span><\/strong><span style=\"color: #003366;\">Participation de la chaloupe aux Grandes R\u00e9gates de Port Navalo<\/span><\/li>\n<li><strong><span style=\"color: #003366;\">22 &#8211; 23 Juillet : <\/span><\/strong><span style=\"color: #003366;\">Sortie \u201cen escadre\u201d et visite historique du port du Bono<\/span><\/li>\n<li><strong><span style=\"color: #003366;\">30 Juillet :<\/span><\/strong> Sortie \u00e0 Iluric<\/li>\n<li><strong><span style=\"color: #003366;\">16 Ao\u00fbt :<\/span> <\/strong>Sortie kayaks \u00e0 Ilur<\/li>\n<li><strong><span style=\"color: #003366;\">20 &#8211; 21 Ao\u00fbt :<\/span><\/strong> Sortie \u201cen escadre\u201d \u00e0 Hoedic<\/li>\n<li><strong><span style=\"color: #003366;\">Mi septembre :<\/span> <\/strong>Participation de la chaloupe au rassemblement de vieux gr\u00e9ements \u00e0 Ilur<\/li>\n<li><strong><span style=\"color: #003366;\">Juillet &#8211; ao\u00fbt : <\/span><\/strong><span style=\"color: #003366;\">Sorties \u201cbar \u00e0 huitre\u201d (dates et destinations \u00e0 pr\u00e9ciser)<\/span><\/li>\n<li><strong><span style=\"color: #003366;\">Juillet- ao\u00fbt :<\/span><\/strong> sorties sur la chaloupe \u00e0 la demande avec les skippers de l\u2019AUMIA<\/li>\n<\/ul>\n<ul><\/ul>\n<p>[\/et_pb_text][et_pb_button button_url=\u00a0\u00bbhttp:\/\/aumia.fr\/site\/wp-content\/uploads\/2022\/07\/Programme-AUMIA-2022-V3.pdf\u00a0\u00bb url_new_window=\u00a0\u00bbon\u00a0\u00bb button_text=\u00a0\u00bbT\u00e9l\u00e9charger le programme\u00a0\u00bb button_alignment=\u00a0\u00bbleft\u00a0\u00bb disabled_on=\u00a0\u00bbon|on|on\u00a0\u00bb _builder_version=\u00a0\u00bb4.17.4&Prime; _module_preset=\u00a0\u00bbdefault\u00a0\u00bb custom_button=\u00a0\u00bbon\u00a0\u00bb button_text_color=\u00a0\u00bb#FFFFFF\u00a0\u00bb button_bg_color=\u00a0\u00bb#26326a\u00a0\u00bb button_border_width=\u00a0\u00bb0px\u00a0\u00bb button_border_color=\u00a0\u00bb#EDF000&Prime; button_border_radius=\u00a0\u00bb0px\u00a0\u00bb button_font=\u00a0\u00bb|||on|||||\u00a0\u00bb button_icon=\u00a0\u00bb&#xf56d;||fa||900&Prime; button_icon_color=\u00a0\u00bb#EDF000&Prime; button_icon_placement=\u00a0\u00bbleft\u00a0\u00bb button_on_hover=\u00a0\u00bboff\u00a0\u00bb disabled=\u00a0\u00bbon\u00a0\u00bb global_colors_info=\u00a0\u00bb{}\u00a0\u00bb][\/et_pb_button][\/et_pb_column][et_pb_column type=\u00a0\u00bb2_5&Prime; _builder_version=\u00a0\u00bb4.17.3&Prime; _module_preset=\u00a0\u00bbdefault\u00a0\u00bb global_colors_info=\u00a0\u00bb{}\u00a0\u00bb][et_pb_image src=\u00a0\u00bbhttp:\/\/aumia.fr\/site\/wp-content\/uploads\/2022\/06\/formation-snsm.jpg\u00a0\u00bb title_text=\u00a0\u00bbformation-snsm\u00a0\u00bb align=\u00a0\u00bbcenter\u00a0\u00bb _builder_version=\u00a0\u00bb4.17.3&Prime; _module_preset=\u00a0\u00bbdefault\u00a0\u00bb width=\u00a0\u00bb69%\u00a0\u00bb global_colors_info=\u00a0\u00bb{}\u00a0\u00bb][\/et_pb_image][et_pb_image src=\u00a0\u00bbhttp:\/\/aumia.fr\/site\/wp-content\/uploads\/2022\/06\/ag.jpg\u00a0\u00bb title_text=\u00a0\u00bbag\u00a0\u00bb align=\u00a0\u00bbcenter\u00a0\u00bb _builder_version=\u00a0\u00bb4.17.3&Prime; _module_preset=\u00a0\u00bbdefault\u00a0\u00bb width=\u00a0\u00bb69%\u00a0\u00bb global_colors_info=\u00a0\u00bb{}\u00a0\u00bb][\/et_pb_image][et_pb_image src=\u00a0\u00bbhttp:\/\/aumia.fr\/site\/wp-content\/uploads\/2022\/06\/sinagot-1-300&#215;200.jpg\u00a0\u00bb title_text=\u00a0\u00bbsinagot\u00a0\u00bb align=\u00a0\u00bbcenter\u00a0\u00bb _builder_version=\u00a0\u00bb4.17.4&Prime; _module_preset=\u00a0\u00bbdefault\u00a0\u00bb width=\u00a0\u00bb65.6%\u00a0\u00bb global_colors_info=\u00a0\u00bb{}\u00a0\u00bb][\/et_pb_image][\/et_pb_column][\/et_pb_row][\/et_pb_section][et_pb_section fb_built=\u00a0\u00bb1&Prime; _builder_version=\u00a0\u00bb4.17.3&Prime; _module_preset=\u00a0\u00bbdefault\u00a0\u00bb background_color=\u00a0\u00bb#f7f7f7&Prime; background_image=\u00a0\u00bbhttp:\/\/aumia.fr\/site\/wp-content\/uploads\/2022\/06\/vagues-1.png\u00a0\u00bb parallax=\u00a0\u00bbon\u00a0\u00bb parallax_method=\u00a0\u00bboff\u00a0\u00bb da_disable_devices=\u00a0\u00bboff|off|off\u00a0\u00bb global_colors_info=\u00a0\u00bb{}\u00a0\u00bb da_is_popup=\u00a0\u00bboff\u00a0\u00bb da_exit_intent=\u00a0\u00bboff\u00a0\u00bb da_has_close=\u00a0\u00bbon\u00a0\u00bb da_alt_close=\u00a0\u00bboff\u00a0\u00bb da_dark_close=\u00a0\u00bboff\u00a0\u00bb da_not_modal=\u00a0\u00bbon\u00a0\u00bb da_is_singular=\u00a0\u00bboff\u00a0\u00bb da_with_loader=\u00a0\u00bboff\u00a0\u00bb da_has_shadow=\u00a0\u00bbon\u00a0\u00bb][et_pb_row _builder_version=\u00a0\u00bb4.17.3&Prime; _module_preset=\u00a0\u00bbdefault\u00a0\u00bb global_colors_info=\u00a0\u00bb{}\u00a0\u00bb][et_pb_column type=\u00a0\u00bb4_4&Prime; _builder_version=\u00a0\u00bb4.17.3&Prime; _module_preset=\u00a0\u00bbdefault\u00a0\u00bb global_colors_info=\u00a0\u00bb{}\u00a0\u00bb][et_pb_text _builder_version=\u00a0\u00bb4.17.3&Prime; _module_preset=\u00a0\u00bbdefault\u00a0\u00bb background_color=\u00a0\u00bb#efe52a\u00a0\u00bb custom_padding=\u00a0\u00bb10px|||10px|false|false\u00a0\u00bb global_colors_info=\u00a0\u00bb{}\u00a0\u00bb]<\/p>\n<h1><strong>nos derni\u00e9res publications<\/strong><\/h1>\n<p>[\/et_pb_text][et_pb_blog fullwidth=\u00a0\u00bboff\u00a0\u00bb posts_number=\u00a0\u00bb3&Prime; include_categories=\u00a0\u00bball\u00a0\u00bb meta_date=\u00a0\u00bbj M Y\u00a0\u00bb excerpt_length=\u00a0\u00bb100&Prime; show_more=\u00a0\u00bbon\u00a0\u00bb show_author=\u00a0\u00bboff\u00a0\u00bb show_date=\u00a0\u00bboff\u00a0\u00bb show_pagination=\u00a0\u00bboff\u00a0\u00bb _builder_version=\u00a0\u00bb4.17.3&Prime; _module_preset=\u00a0\u00bbdefault\u00a0\u00bb meta_font=\u00a0\u00bb|600|||||||\u00a0\u00bb meta_font_size=\u00a0\u00bb14px\u00a0\u00bb read_more_font_size=\u00a0\u00bb13px\u00a0\u00bb global_colors_info=\u00a0\u00bb{}\u00a0\u00bb][\/et_pb_blog][\/et_pb_column][\/et_pb_row][\/et_pb_section]<\/p>\n","protected":false},"excerpt":{"rendered":"<p>Animations, \u00e9v\u00e9nements, r\u00e9unions&#8230;\u00a0 Ne manquez aucun rendez-vous !le PROGRAMME 2024 CONF\u00c9RENCES ET R\u00c9UNIONS \u2022 13 ao\u00fbt : AG de l\u2019AUMIA\u2022 Date \u00e0 pr\u00e9ciser : Conf\u00e9rence au CIPM \u00ab\u00a0Tara, un voilier [&hellip;]<\/p>\n","protected":false},"author":6,"featured_media":0,"parent":0,"menu_order":0,"comment_status":"closed","ping_status":"closed","template":"","meta":{"_et_pb_use_builder":"on","_et_pb_old_content":"<!-- wp:divi\/placeholder \/-->","_et_gb_content_width":"","footnotes":""},"yoast_head":"<!-- This site is optimized with the Yoast SEO plugin v22.6 - https:\/\/yoast.com\/wordpress\/plugins\/seo\/ -->\n<title>Programme | AUMIA<\/title>\n<meta name=\"description\" content=\"Animations, \u00e9v\u00e9nements, conf\u00e9rences, r\u00e9unions\u2026 Ne manquez aucun rendez-vous de du programme l&#039;AUMIA!\" \/>\n<meta name=\"robots\" content=\"index, follow, max-snippet:-1, max-image-preview:large, max-video-preview:-1\" \/>\n<link rel=\"canonical\" href=\"https:\/\/aumia.fr\/site\/programme\/\" \/>\n<meta property=\"og:locale\" content=\"fr_FR\" \/>\n<meta property=\"og:type\" content=\"article\" \/>\n<meta property=\"og:title\" content=\"Programme | AUMIA\" \/>\n<meta property=\"og:description\" content=\"Animations, \u00e9v\u00e9nements, conf\u00e9rences, r\u00e9unions\u2026 Ne manquez aucun rendez-vous de du programme l&#039;AUMIA!\" \/>\n<meta property=\"og:url\" content=\"https:\/\/aumia.fr\/site\/programme\/\" \/>\n<meta property=\"og:site_name\" content=\"AUMIA\" \/>\n<meta property=\"article:publisher\" content=\"https:\/\/www.facebook.com\/AUMIA-Ile-dArz-101486511686123\" \/>\n<meta property=\"article:modified_time\" content=\"2024-07-03T14:09:19+00:00\" \/>\n<meta property=\"og:image\" content=\"https:\/\/aumia.fr\/site\/wp-content\/uploads\/2022\/07\/Capture-de\u0301cran-2022-07-04-a\u0300-13.37.28.png\" \/>\n\t<meta property=\"og:image:width\" content=\"1439\" \/>\n\t<meta property=\"og:image:height\" content=\"727\" \/>\n\t<meta property=\"og:image:type\" content=\"image\/png\" \/>\n<meta name=\"twitter:card\" content=\"summary_large_image\" \/>\n<meta name=\"twitter:label1\" content=\"Dur\u00e9e de lecture estim\u00e9e\" \/>\n\t<meta name=\"twitter:data1\" content=\"3 minutes\" \/>\n<script type=\"application\/ld+json\" class=\"yoast-schema-graph\">{\"@context\":\"https:\/\/schema.org\",\"@graph\":[{\"@type\":\"WebPage\",\"@id\":\"https:\/\/aumia.fr\/site\/programme\/\",\"url\":\"https:\/\/aumia.fr\/site\/programme\/\",\"name\":\"Programme | AUMIA\",\"isPartOf\":{\"@id\":\"https:\/\/aumia.fr\/site\/#website\"},\"datePublished\":\"2022-06-06T07:14:51+00:00\",\"dateModified\":\"2024-07-03T14:09:19+00:00\",\"description\":\"Animations, \u00e9v\u00e9nements, conf\u00e9rences, r\u00e9unions\u2026 Ne manquez aucun rendez-vous de du programme l'AUMIA!\",\"breadcrumb\":{\"@id\":\"https:\/\/aumia.fr\/site\/programme\/#breadcrumb\"},\"inLanguage\":\"fr-FR\",\"potentialAction\":[{\"@type\":\"ReadAction\",\"target\":[\"https:\/\/aumia.fr\/site\/programme\/\"]}]},{\"@type\":\"BreadcrumbList\",\"@id\":\"https:\/\/aumia.fr\/site\/programme\/#breadcrumb\",\"itemListElement\":[{\"@type\":\"ListItem\",\"position\":1,\"name\":\"Home\",\"item\":\"https:\/\/aumia.fr\/site\/\"},{\"@type\":\"ListItem\",\"position\":2,\"name\":\"Programme\"}]},{\"@type\":\"WebSite\",\"@id\":\"https:\/\/aumia.fr\/site\/#website\",\"url\":\"https:\/\/aumia.fr\/site\/\",\"name\":\"AUMIA\",\"description\":\"Association des Usagers des Mouillages de l&#039;\u00eele d&#039;Arz\",\"publisher\":{\"@id\":\"https:\/\/aumia.fr\/site\/#organization\"},\"potentialAction\":[{\"@type\":\"SearchAction\",\"target\":{\"@type\":\"EntryPoint\",\"urlTemplate\":\"https:\/\/aumia.fr\/site\/?s={search_term_string}\"},\"query-input\":\"required name=search_term_string\"}],\"inLanguage\":\"fr-FR\"},{\"@type\":\"Organization\",\"@id\":\"https:\/\/aumia.fr\/site\/#organization\",\"name\":\"AUMIA\",\"url\":\"https:\/\/aumia.fr\/site\/\",\"logo\":{\"@type\":\"ImageObject\",\"inLanguage\":\"fr-FR\",\"@id\":\"https:\/\/aumia.fr\/site\/#\/schema\/logo\/image\/\",\"url\":\"https:\/\/aumia.fr\/site\/wp-content\/uploads\/2016\/07\/logo.png\",\"contentUrl\":\"https:\/\/aumia.fr\/site\/wp-content\/uploads\/2016\/07\/logo.png\",\"width\":93,\"height\":94,\"caption\":\"AUMIA\"},\"image\":{\"@id\":\"https:\/\/aumia.fr\/site\/#\/schema\/logo\/image\/\"},\"sameAs\":[\"https:\/\/www.facebook.com\/AUMIA-Ile-dArz-101486511686123\"]}]}<\/script>\n<!-- \/ Yoast SEO plugin. -->","yoast_head_json":{"title":"Programme | AUMIA","description":"Animations, \u00e9v\u00e9nements, conf\u00e9rences, r\u00e9unions\u2026 Ne manquez aucun rendez-vous de du programme l'AUMIA!","robots":{"index":"index","follow":"follow","max-snippet":"max-snippet:-1","max-image-preview":"max-image-preview:large","max-video-preview":"max-video-preview:-1"},"canonical":"https:\/\/aumia.fr\/site\/programme\/","og_locale":"fr_FR","og_type":"article","og_title":"Programme | AUMIA","og_description":"Animations, \u00e9v\u00e9nements, conf\u00e9rences, r\u00e9unions\u2026 Ne manquez aucun rendez-vous de du programme l'AUMIA!","og_url":"https:\/\/aumia.fr\/site\/programme\/","og_site_name":"AUMIA","article_publisher":"https:\/\/www.facebook.com\/AUMIA-Ile-dArz-101486511686123","article_modified_time":"2024-07-03T14:09:19+00:00","og_image":[{"width":1439,"height":727,"url":"https:\/\/aumia.fr\/site\/wp-content\/uploads\/2022\/07\/Capture-de\u0301cran-2022-07-04-a\u0300-13.37.28.png","type":"image\/png"}],"twitter_card":"summary_large_image","twitter_misc":{"Dur\u00e9e de lecture estim\u00e9e":"3 minutes"},"schema":{"@context":"https:\/\/schema.org","@graph":[{"@type":"WebPage","@id":"https:\/\/aumia.fr\/site\/programme\/","url":"https:\/\/aumia.fr\/site\/programme\/","name":"Programme | AUMIA","isPartOf":{"@id":"https:\/\/aumia.fr\/site\/#website"},"datePublished":"2022-06-06T07:14:51+00:00","dateModified":"2024-07-03T14:09:19+00:00","description":"Animations, \u00e9v\u00e9nements, conf\u00e9rences, r\u00e9unions\u2026 Ne manquez aucun rendez-vous de du programme l'AUMIA!","breadcrumb":{"@id":"https:\/\/aumia.fr\/site\/programme\/#breadcrumb"},"inLanguage":"fr-FR","potentialAction":[{"@type":"ReadAction","target":["https:\/\/aumia.fr\/site\/programme\/"]}]},{"@type":"BreadcrumbList","@id":"https:\/\/aumia.fr\/site\/programme\/#breadcrumb","itemListElement":[{"@type":"ListItem","position":1,"name":"Home","item":"https:\/\/aumia.fr\/site\/"},{"@type":"ListItem","position":2,"name":"Programme"}]},{"@type":"WebSite","@id":"https:\/\/aumia.fr\/site\/#website","url":"https:\/\/aumia.fr\/site\/","name":"AUMIA","description":"Association des Usagers des Mouillages de l&#039;\u00eele d&#039;Arz","publisher":{"@id":"https:\/\/aumia.fr\/site\/#organization"},"potentialAction":[{"@type":"SearchAction","target":{"@type":"EntryPoint","urlTemplate":"https:\/\/aumia.fr\/site\/?s={search_term_string}"},"query-input":"required name=search_term_string"}],"inLanguage":"fr-FR"},{"@type":"Organization","@id":"https:\/\/aumia.fr\/site\/#organization","name":"AUMIA","url":"https:\/\/aumia.fr\/site\/","logo":{"@type":"ImageObject","inLanguage":"fr-FR","@id":"https:\/\/aumia.fr\/site\/#\/schema\/logo\/image\/","url":"https:\/\/aumia.fr\/site\/wp-content\/uploads\/2016\/07\/logo.png","contentUrl":"https:\/\/aumia.fr\/site\/wp-content\/uploads\/2016\/07\/logo.png","width":93,"height":94,"caption":"AUMIA"},"image":{"@id":"https:\/\/aumia.fr\/site\/#\/schema\/logo\/image\/"},"sameAs":["https:\/\/www.facebook.com\/AUMIA-Ile-dArz-101486511686123"]}]}},"_links":{"self":[{"href":"https:\/\/aumia.fr\/site\/wp-json\/wp\/v2\/pages\/527"}],"collection":[{"href":"https:\/\/aumia.fr\/site\/wp-json\/wp\/v2\/pages"}],"about":[{"href":"https:\/\/aumia.fr\/site\/wp-json\/wp\/v2\/types\/page"}],"author":[{"embeddable":true,"href":"https:\/\/aumia.fr\/site\/wp-json\/wp\/v2\/users\/6"}],"replies":[{"embeddable":true,"href":"https:\/\/aumia.fr\/site\/wp-json\/wp\/v2\/comments?post=527"}],"version-history":[{"count":35,"href":"https:\/\/aumia.fr\/site\/wp-json\/wp\/v2\/pages\/527\/revisions"}],"predecessor-version":[{"id":2108,"href":"https:\/\/aumia.fr\/site\/wp-json\/wp\/v2\/pages\/527\/revisions\/2108"}],"wp:attachment":[{"href":"https:\/\/aumia.fr\/site\/wp-json\/wp\/v2\/media?parent=527"}],"curies":[{"name":"wp","href":"https:\/\/api.w.org\/{rel}","templated":true}]}}